{"id":344,"date":"2021-02-15T17:45:14","date_gmt":"2021-02-15T17:45:14","guid":{"rendered":"http:\/\/127.0.0.1\/WordPress\/wordpress\/?page_id=344"},"modified":"2021-07-03T18:54:46","modified_gmt":"2021-07-03T18:54:46","slug":"elektryka-i-teletechnika","status":"publish","type":"page","link":"https:\/\/estgroup.pl\/index.php\/elektryka-i-teletechnika\/","title":{"rendered":"ELEKTRYKA I TELETECHNIKA"},"content":{"rendered":"\n<div class=\"wp-block-cover aligncenter has-neve-link-color-background-color has-background-dim\" style=\"min-height:600px;aspect-ratio:unset;\"><div class=\"wp-block-cover__inner-container is-layout-flow wp-block-cover-is-layout-flow\">\n<div class=\"wp-block-group\"><div class=\"wp-block-group__inner-container is-layout-flow wp-block-group-is-layout-flow\">\n<div class=\"wp-block-columns is-layout-flex wp-container-core-columns-is-layout-9d6595d7 wp-block-columns-is-layout-flex\">\n<div class=\"wp-block-column is-vertically-aligned-center is-layout-flow wp-block-column-is-layout-flow\" style=\"flex-basis:50%\">\n<figure class=\"wp-block-image size-large\"><img loading=\"lazy\" decoding=\"async\" width=\"1024\" height=\"683\" src=\"https:\/\/estgroup.pl\/wp-content\/uploads\/2021\/02\/electric-cable-4393425_1920-1024x683.jpg\" alt=\"Elektryka\" class=\"wp-image-350\" srcset=\"https:\/\/estgroup.pl\/wp-content\/uploads\/2021\/02\/electric-cable-4393425_1920-1024x683.jpg 1024w, https:\/\/estgroup.pl\/wp-content\/uploads\/2021\/02\/electric-cable-4393425_1920-300x200.jpg 300w, https:\/\/estgroup.pl\/wp-content\/uploads\/2021\/02\/electric-cable-4393425_1920-768x512.jpg 768w, https:\/\/estgroup.pl\/wp-content\/uploads\/2021\/02\/electric-cable-4393425_1920-1536x1024.jpg 1536w, https:\/\/estgroup.pl\/wp-content\/uploads\/2021\/02\/electric-cable-4393425_1920-930x620.jpg 930w, https:\/\/estgroup.pl\/wp-content\/uploads\/2021\/02\/electric-cable-4393425_1920.jpg 1920w\" sizes=\"auto, (max-width: 1024px) 100vw, 1024px\" \/><\/figure>\n<\/div>\n\n\n\n<div class=\"wp-block-column is-vertically-aligned-center is-layout-flow wp-block-column-is-layout-flow\" style=\"flex-basis:50%\">\n<h2 class=\"has-text-align-left has-neve-text-color-color has-text-color wp-block-heading\">ELEKTRYKA<\/h2>\n\n\n\n<p class=\"has-text-align-left has-neve-text-color-color has-text-color\"><span class=\"has-inline-color has-neve-text-color-color\">W EST GROUP zajmujemy si\u0119 kompleksow\u0105 realizacj\u0105 instalacji elektrycznych w zakresie:<\/span><\/p>\n\n\n\n<ul class=\"has-text-align-left has-neve-text-color-color has-text-color wp-block-list\"><li><span class=\"has-inline-color has-neve-text-color-color\">Trasy kablowe (jeste\u015bmy certyfikowanym instalatorem tras kablowych OBO BETTERMAN)<\/span><\/li><li><span class=\"has-inline-color has-neve-text-color-color\">Instalacje odgromowe i uziemiaj\u0105ce<\/span><\/li><li><span class=\"has-inline-color has-neve-text-color-color\">Systemy o\u015bwietlenia i gniazd wtykowych<\/span><\/li><li><span class=\"has-inline-color has-neve-text-color-color\">Rozdzielnice elektryczne<\/span><\/li><li><span class=\"has-inline-color has-neve-text-color-color\">O\u015bwietlenie zewn\u0119trzne<\/span><\/li><li><span class=\"has-inline-color has-neve-text-color-color\">Stacje transformatorowe<\/span><\/li><li><span class=\"has-inline-color has-neve-text-color-color\">Projektowanie<\/span><\/li><li><span class=\"has-inline-color has-neve-text-color-color\">Doradztwo techniczne<\/span><\/li><\/ul>\n\n\n\n<div style=\"height:15px\" aria-hidden=\"true\" class=\"wp-block-spacer\"><\/div>\n\n\n\n<p class=\"has-text-align-left has-neve-text-color-color has-text-color\">Wykonanie i monta\u017c instalacji elektrycznych i teletechnicznych odbywa si\u0119 zawsze terminowo, szybko i profesjonalnie pod nadzorem wysoko wykwalifikowanej kadry in\u017cynierskiej posiadaj\u0105cej niezb\u0119dne uprawnienia. Prace wykonywane s\u0105 zawsze przez do\u015bwiadczonych elektromonter\u00f3w.<\/p>\n\n\n\n<div style=\"height:20px\" aria-hidden=\"true\" class=\"wp-block-spacer\"><\/div>\n\n\n\n<div class=\"wp-block-buttons is-layout-flex wp-block-buttons-is-layout-flex\">\n<div class=\"wp-block-button is-style-default\"><a class=\"wp-block-button__link\" href=\"index.php\/estgroup-contact-us\/\" style=\"border-radius:5px\">Skontaktuj si\u0119 z nami<\/a><\/div>\n<\/div>\n<\/div>\n<\/div>\n<\/div><\/div>\n<\/div><\/div>\n\n\n\n<div style=\"height:40px\" aria-hidden=\"true\" class=\"wp-block-spacer\"><\/div>\n\n\n\n<div class=\"wp-block-cover aligncenter has-neve-link-color-background-color has-background-dim\" style=\"min-height:600px;aspect-ratio:unset;\"><div class=\"wp-block-cover__inner-container is-layout-flow wp-block-cover-is-layout-flow\">\n<div class=\"wp-block-group\"><div class=\"wp-block-group__inner-container is-layout-flow wp-block-group-is-layout-flow\">\n<div class=\"wp-block-columns are-vertically-aligned-center is-layout-flex wp-container-core-columns-is-layout-9d6595d7 wp-block-columns-is-layout-flex\">\n<div class=\"wp-block-column is-vertically-aligned-center is-layout-flow wp-block-column-is-layout-flow\" style=\"flex-basis:50%\">\n<h2 class=\"has-text-align-left has-neve-text-color-color has-text-color wp-block-heading\">TELETECHNIKA<\/h2>\n\n\n\n<p class=\"has-text-align-left has-neve-text-color-color has-text-color\">Us\u0142ugi jakie w EST GROUP realizujemy z zakresu system\u00f3w niskopr\u0105dowych:<\/p>\n\n\n\n<ul class=\"has-text-align-left has-neve-text-color-color has-text-color wp-block-list\"><li>Systemy sygnalizacji w\u0142amania i napadu (SSWiN)<\/li><li>Telewizja dozorowa (CCTV)<\/li><li>Kontrola dost\u0119pu (wraz z systemami wykrywania twarzy i systemami biometrycznymi)<\/li><li>Systemy domofonowe i videodomofonowe<\/li><li>Systemy Sygnalizacji Po\u017caru (SSP)<\/li><li>D\u017awi\u0119kowe systemy ostrzegawcze (DSO)<\/li><li>Systemy oddymiania<\/li><li>Systemy przyzywowe<\/li><li>Certyfikowane Sieci Strukturalne (Miedziane i \u015awiat\u0142owodowe)<\/li><\/ul>\n\n\n\n<div style=\"height:20px\" aria-hidden=\"true\" class=\"wp-block-spacer\"><\/div>\n\n\n\n<div class=\"wp-block-buttons is-layout-flex wp-block-buttons-is-layout-flex\">\n<div class=\"wp-block-button is-style-default\"><a class=\"wp-block-button__link\" href=\"index.php\/estgroup-contact-us\/\" style=\"border-radius:5px\">Skontaktuj si\u0119 z nami<\/a><\/div>\n<\/div>\n<\/div>\n\n\n\n<div class=\"wp-block-column is-vertically-aligned-center is-layout-flow wp-block-column-is-layout-flow\" style=\"flex-basis:50%\">\n<figure class=\"wp-block-image size-large is-resized\"><img loading=\"lazy\" decoding=\"async\" src=\"http:\/\/127.0.0.1\/WordPress\/wordpress\/wp-content\/uploads\/2021\/02\/swiatlowody-cyberspace-2784907_1920-1024x683.jpg\" alt=\"Teletechnika\" class=\"wp-image-351\" width=\"768\" height=\"512\" srcset=\"https:\/\/estgroup.pl\/wp-content\/uploads\/2021\/02\/swiatlowody-cyberspace-2784907_1920-1024x683.jpg 1024w, https:\/\/estgroup.pl\/wp-content\/uploads\/2021\/02\/swiatlowody-cyberspace-2784907_1920-300x200.jpg 300w, https:\/\/estgroup.pl\/wp-content\/uploads\/2021\/02\/swiatlowody-cyberspace-2784907_1920-768x512.jpg 768w, https:\/\/estgroup.pl\/wp-content\/uploads\/2021\/02\/swiatlowody-cyberspace-2784907_1920-1536x1024.jpg 1536w, https:\/\/estgroup.pl\/wp-content\/uploads\/2021\/02\/swiatlowody-cyberspace-2784907_1920-930x620.jpg 930w, https:\/\/estgroup.pl\/wp-content\/uploads\/2021\/02\/swiatlowody-cyberspace-2784907_1920.jpg 1920w\" sizes=\"auto, (max-width: 768px) 100vw, 768px\" \/><\/figure>\n<\/div>\n<\/div>\n<\/div><\/div>\n<\/div><\/div>\n\n\n\n<div style=\"height:40px\" aria-hidden=\"true\" class=\"wp-block-spacer\"><\/div>\n\n\n\n<div class=\"wp-block-cover aligncenter has-neve-link-color-background-color has-background-dim\" style=\"min-height:400px;aspect-ratio:unset;\"><div class=\"wp-block-cover__inner-container is-layout-flow wp-block-cover-is-layout-flow\">\n<p class=\"has-text-align-center has-neve-text-color-color has-text-color\" style=\"font-size:22px\"><strong>W REALIZACJI PRAC Z ZAKRESU ELEKTRYKI I TELETECHNIKI CHARAKTERYZUJ\u0104 NAS:<\/strong><\/p>\n\n\n\n<div style=\"height:40px\" aria-hidden=\"true\" class=\"wp-block-spacer\"><\/div>\n\n\n\n<div class=\"wp-block-columns is-layout-flex wp-container-core-columns-is-layout-9d6595d7 wp-block-columns-is-layout-flex\">\n<div class=\"wp-block-column ticss-4ce656f1 is-layout-flow wp-block-column-is-layout-flow\">\n<div class=\"wp-block-image icon-style is-style-rounded\"><figure class=\"aligncenter size-large is-resized\"><img loading=\"lazy\" decoding=\"async\" src=\"https:\/\/s33834.pcdn.co\/wp-content\/uploads\/2020\/12\/check-solid-1.svg\" alt=\"\" width=\"48\" height=\"48\"\/><\/figure><\/div>\n\n\n\n<h3 class=\"has-text-align-center has-neve-text-color-color has-text-color wp-block-heading\">Szybko\u015b\u0107<\/h3>\n<\/div>\n\n\n\n<div class=\"wp-block-column ticss-f6fc7494 is-layout-flow wp-block-column-is-layout-flow\">\n<div class=\"wp-block-image icon-style is-style-rounded\"><figure class=\"aligncenter size-large is-resized\"><img loading=\"lazy\" decoding=\"async\" src=\"https:\/\/s33834.pcdn.co\/wp-content\/uploads\/2020\/12\/check-solid-1.svg\" alt=\"\" width=\"48\" height=\"48\"\/><\/figure><\/div>\n\n\n\n<h3 class=\"has-text-align-center has-neve-text-color-color has-text-color wp-block-heading\">Profesjonalizm<\/h3>\n<\/div>\n\n\n\n<div class=\"wp-block-column ticss-a5b4df29 is-layout-flow wp-block-column-is-layout-flow\">\n<div class=\"wp-block-image icon-style is-style-rounded\"><figure class=\"aligncenter size-large is-resized\"><img loading=\"lazy\" decoding=\"async\" src=\"https:\/\/s33834.pcdn.co\/wp-content\/uploads\/2020\/12\/check-solid-1.svg\" alt=\"\" width=\"48\" height=\"48\"\/><\/figure><\/div>\n\n\n\n<h3 class=\"has-text-align-center has-neve-text-color-color has-text-color wp-block-heading\">Terminowo\u015b\u0107<\/h3>\n<\/div>\n<\/div>\n<\/div><\/div>\n\n\n\n<p><\/p>\n","protected":false},"excerpt":{"rendered":"","protected":false},"author":1,"featured_media":0,"parent":0,"menu_order":0,"comment_status":"closed","ping_status":"closed","template":"","meta":{"neve_meta_sidebar":"full-width","neve_meta_container":"","neve_meta_enable_content_width":"on","neve_meta_content_width":100,"neve_meta_title_alignment":"","neve_meta_author_avatar":"","neve_post_elements_order":"","neve_meta_disable_header":"","neve_meta_disable_footer":"","neve_meta_disable_title":"","_ti_tpc_template_sync":false,"_ti_tpc_template_id":"","footnotes":""},"class_list":["post-344","page","type-page","status-publish","hentry"],"yoast_head":"<!-- This site is optimized with the Yoast SEO plugin v27.4 - https:\/\/yoast.com\/product\/yoast-seo-wordpress\/ -->\n<title>ELEKTRYKA I TELETECHNIKA - EST GROUP Sp. z o.o. | Sterowniki Elektroniczne | Fotowoltaika PPO\u017b<\/title>\n<meta name=\"robots\" content=\"index, follow, max-snippet:-1, max-image-preview:large, max-video-preview:-1\" \/>\n<link rel=\"canonical\" href=\"https:\/\/estgroup.pl\/index.php\/elektryka-i-teletechnika\/\" \/>\n<meta property=\"og:locale\" content=\"pl_PL\" \/>\n<meta property=\"og:type\" content=\"article\" \/>\n<meta property=\"og:title\" content=\"ELEKTRYKA I TELETECHNIKA - EST GROUP Sp. z o.o. | Sterowniki Elektroniczne | Fotowoltaika PPO\u017b\" \/>\n<meta property=\"og:url\" content=\"https:\/\/estgroup.pl\/index.php\/elektryka-i-teletechnika\/\" \/>\n<meta property=\"og:site_name\" content=\"EST GROUP Sp. z o.o. | Sterowniki Elektroniczne | Fotowoltaika PPO\u017b\" \/>\n<meta property=\"article:modified_time\" content=\"2021-07-03T18:54:46+00:00\" \/>\n<meta property=\"og:image\" content=\"https:\/\/estgroup.pl\/wp-content\/uploads\/2021\/02\/electric-cable-4393425_1920-1024x683.jpg\" \/>\n<meta name=\"twitter:card\" content=\"summary_large_image\" \/>\n<meta name=\"twitter:label1\" content=\"Szacowany czas czytania\" \/>\n\t<meta name=\"twitter:data1\" content=\"2 minuty\" \/>\n<script type=\"application\/ld+json\" class=\"yoast-schema-graph\">{\"@context\":\"https:\\\/\\\/schema.org\",\"@graph\":[{\"@type\":\"WebPage\",\"@id\":\"https:\\\/\\\/estgroup.pl\\\/index.php\\\/elektryka-i-teletechnika\\\/\",\"url\":\"https:\\\/\\\/estgroup.pl\\\/index.php\\\/elektryka-i-teletechnika\\\/\",\"name\":\"ELEKTRYKA I TELETECHNIKA - EST GROUP Sp. z o.o. | Sterowniki Elektroniczne | Fotowoltaika PPO\u017b\",\"isPartOf\":{\"@id\":\"https:\\\/\\\/estgroup.pl\\\/#website\"},\"primaryImageOfPage\":{\"@id\":\"https:\\\/\\\/estgroup.pl\\\/index.php\\\/elektryka-i-teletechnika\\\/#primaryimage\"},\"image\":{\"@id\":\"https:\\\/\\\/estgroup.pl\\\/index.php\\\/elektryka-i-teletechnika\\\/#primaryimage\"},\"thumbnailUrl\":\"https:\\\/\\\/estgroup.pl\\\/wp-content\\\/uploads\\\/2021\\\/02\\\/electric-cable-4393425_1920-1024x683.jpg\",\"datePublished\":\"2021-02-15T17:45:14+00:00\",\"dateModified\":\"2021-07-03T18:54:46+00:00\",\"breadcrumb\":{\"@id\":\"https:\\\/\\\/estgroup.pl\\\/index.php\\\/elektryka-i-teletechnika\\\/#breadcrumb\"},\"inLanguage\":\"pl-PL\",\"potentialAction\":[{\"@type\":\"ReadAction\",\"target\":[\"https:\\\/\\\/estgroup.pl\\\/index.php\\\/elektryka-i-teletechnika\\\/\"]}]},{\"@type\":\"ImageObject\",\"inLanguage\":\"pl-PL\",\"@id\":\"https:\\\/\\\/estgroup.pl\\\/index.php\\\/elektryka-i-teletechnika\\\/#primaryimage\",\"url\":\"https:\\\/\\\/estgroup.pl\\\/wp-content\\\/uploads\\\/2021\\\/02\\\/electric-cable-4393425_1920.jpg\",\"contentUrl\":\"https:\\\/\\\/estgroup.pl\\\/wp-content\\\/uploads\\\/2021\\\/02\\\/electric-cable-4393425_1920.jpg\",\"width\":1920,\"height\":1280},{\"@type\":\"BreadcrumbList\",\"@id\":\"https:\\\/\\\/estgroup.pl\\\/index.php\\\/elektryka-i-teletechnika\\\/#breadcrumb\",\"itemListElement\":[{\"@type\":\"ListItem\",\"position\":1,\"name\":\"Strona g\u0142\u00f3wna\",\"item\":\"https:\\\/\\\/estgroup.pl\\\/\"},{\"@type\":\"ListItem\",\"position\":2,\"name\":\"ELEKTRYKA I TELETECHNIKA\"}]},{\"@type\":\"WebSite\",\"@id\":\"https:\\\/\\\/estgroup.pl\\\/#website\",\"url\":\"https:\\\/\\\/estgroup.pl\\\/\",\"name\":\"EST GROUP Sp. z o.o. | Sterowniki Elektroniczne | Fotowoltaika\",\"description\":\"EST GROUP Sp. z o.o. | Sterowniki Elektroniczne | Fotowoltaika PPO\u017b\",\"publisher\":{\"@id\":\"https:\\\/\\\/estgroup.pl\\\/#organization\"},\"potentialAction\":[{\"@type\":\"SearchAction\",\"target\":{\"@type\":\"EntryPoint\",\"urlTemplate\":\"https:\\\/\\\/estgroup.pl\\\/?s={search_term_string}\"},\"query-input\":{\"@type\":\"PropertyValueSpecification\",\"valueRequired\":true,\"valueName\":\"search_term_string\"}}],\"inLanguage\":\"pl-PL\"},{\"@type\":\"Organization\",\"@id\":\"https:\\\/\\\/estgroup.pl\\\/#organization\",\"name\":\"EST GROUP Sp. z o.o.\",\"url\":\"https:\\\/\\\/estgroup.pl\\\/\",\"logo\":{\"@type\":\"ImageObject\",\"inLanguage\":\"pl-PL\",\"@id\":\"https:\\\/\\\/estgroup.pl\\\/#\\\/schema\\\/logo\\\/image\\\/\",\"url\":\"https:\\\/\\\/estgroup.pl\\\/wp-content\\\/uploads\\\/2021\\\/02\\\/est.png\",\"contentUrl\":\"https:\\\/\\\/estgroup.pl\\\/wp-content\\\/uploads\\\/2021\\\/02\\\/est.png\",\"width\":297,\"height\":297,\"caption\":\"EST GROUP Sp. z o.o.\"},\"image\":{\"@id\":\"https:\\\/\\\/estgroup.pl\\\/#\\\/schema\\\/logo\\\/image\\\/\"},\"sameAs\":[\"https:\\\/\\\/www.linkedin.com\\\/company\\\/est-engineering-group\"]}]}<\/script>\n<!-- \/ Yoast SEO plugin. -->","yoast_head_json":{"title":"ELEKTRYKA I TELETECHNIKA - EST GROUP Sp. z o.o. | Sterowniki Elektroniczne | Fotowoltaika PPO\u017b","robots":{"index":"index","follow":"follow","max-snippet":"max-snippet:-1","max-image-preview":"max-image-preview:large","max-video-preview":"max-video-preview:-1"},"canonical":"https:\/\/estgroup.pl\/index.php\/elektryka-i-teletechnika\/","og_locale":"pl_PL","og_type":"article","og_title":"ELEKTRYKA I TELETECHNIKA - EST GROUP Sp. z o.o. | Sterowniki Elektroniczne | Fotowoltaika PPO\u017b","og_url":"https:\/\/estgroup.pl\/index.php\/elektryka-i-teletechnika\/","og_site_name":"EST GROUP Sp. z o.o. | Sterowniki Elektroniczne | Fotowoltaika PPO\u017b","article_modified_time":"2021-07-03T18:54:46+00:00","og_image":[{"url":"https:\/\/estgroup.pl\/wp-content\/uploads\/2021\/02\/electric-cable-4393425_1920-1024x683.jpg","type":"","width":"","height":""}],"twitter_card":"summary_large_image","twitter_misc":{"Szacowany czas czytania":"2 minuty"},"schema":{"@context":"https:\/\/schema.org","@graph":[{"@type":"WebPage","@id":"https:\/\/estgroup.pl\/index.php\/elektryka-i-teletechnika\/","url":"https:\/\/estgroup.pl\/index.php\/elektryka-i-teletechnika\/","name":"ELEKTRYKA I TELETECHNIKA - EST GROUP Sp. z o.o. | Sterowniki Elektroniczne | Fotowoltaika PPO\u017b","isPartOf":{"@id":"https:\/\/estgroup.pl\/#website"},"primaryImageOfPage":{"@id":"https:\/\/estgroup.pl\/index.php\/elektryka-i-teletechnika\/#primaryimage"},"image":{"@id":"https:\/\/estgroup.pl\/index.php\/elektryka-i-teletechnika\/#primaryimage"},"thumbnailUrl":"https:\/\/estgroup.pl\/wp-content\/uploads\/2021\/02\/electric-cable-4393425_1920-1024x683.jpg","datePublished":"2021-02-15T17:45:14+00:00","dateModified":"2021-07-03T18:54:46+00:00","breadcrumb":{"@id":"https:\/\/estgroup.pl\/index.php\/elektryka-i-teletechnika\/#breadcrumb"},"inLanguage":"pl-PL","potentialAction":[{"@type":"ReadAction","target":["https:\/\/estgroup.pl\/index.php\/elektryka-i-teletechnika\/"]}]},{"@type":"ImageObject","inLanguage":"pl-PL","@id":"https:\/\/estgroup.pl\/index.php\/elektryka-i-teletechnika\/#primaryimage","url":"https:\/\/estgroup.pl\/wp-content\/uploads\/2021\/02\/electric-cable-4393425_1920.jpg","contentUrl":"https:\/\/estgroup.pl\/wp-content\/uploads\/2021\/02\/electric-cable-4393425_1920.jpg","width":1920,"height":1280},{"@type":"BreadcrumbList","@id":"https:\/\/estgroup.pl\/index.php\/elektryka-i-teletechnika\/#breadcrumb","itemListElement":[{"@type":"ListItem","position":1,"name":"Strona g\u0142\u00f3wna","item":"https:\/\/estgroup.pl\/"},{"@type":"ListItem","position":2,"name":"ELEKTRYKA I TELETECHNIKA"}]},{"@type":"WebSite","@id":"https:\/\/estgroup.pl\/#website","url":"https:\/\/estgroup.pl\/","name":"EST GROUP Sp. z o.o. | Sterowniki Elektroniczne | Fotowoltaika","description":"EST GROUP Sp. z o.o. | Sterowniki Elektroniczne | Fotowoltaika PPO\u017b","publisher":{"@id":"https:\/\/estgroup.pl\/#organization"},"potentialAction":[{"@type":"SearchAction","target":{"@type":"EntryPoint","urlTemplate":"https:\/\/estgroup.pl\/?s={search_term_string}"},"query-input":{"@type":"PropertyValueSpecification","valueRequired":true,"valueName":"search_term_string"}}],"inLanguage":"pl-PL"},{"@type":"Organization","@id":"https:\/\/estgroup.pl\/#organization","name":"EST GROUP Sp. z o.o.","url":"https:\/\/estgroup.pl\/","logo":{"@type":"ImageObject","inLanguage":"pl-PL","@id":"https:\/\/estgroup.pl\/#\/schema\/logo\/image\/","url":"https:\/\/estgroup.pl\/wp-content\/uploads\/2021\/02\/est.png","contentUrl":"https:\/\/estgroup.pl\/wp-content\/uploads\/2021\/02\/est.png","width":297,"height":297,"caption":"EST GROUP Sp. z o.o."},"image":{"@id":"https:\/\/estgroup.pl\/#\/schema\/logo\/image\/"},"sameAs":["https:\/\/www.linkedin.com\/company\/est-engineering-group"]}]}},"uagb_featured_image_src":{"full":false,"thumbnail":false,"medium":false,"medium_large":false,"large":false,"1536x1536":false,"2048x2048":false,"neve-blog":false},"uagb_author_info":{"display_name":"admin","author_link":"https:\/\/estgroup.pl\/index.php\/author\/admin\/"},"uagb_comment_info":0,"uagb_excerpt":null,"_links":{"self":[{"href":"https:\/\/estgroup.pl\/index.php\/wp-json\/wp\/v2\/pages\/344","targetHints":{"allow":["GET"]}}],"collection":[{"href":"https:\/\/estgroup.pl\/index.php\/wp-json\/wp\/v2\/pages"}],"about":[{"href":"https:\/\/estgroup.pl\/index.php\/wp-json\/wp\/v2\/types\/page"}],"author":[{"embeddable":true,"href":"https:\/\/estgroup.pl\/index.php\/wp-json\/wp\/v2\/users\/1"}],"replies":[{"embeddable":true,"href":"https:\/\/estgroup.pl\/index.php\/wp-json\/wp\/v2\/comments?post=344"}],"version-history":[{"count":23,"href":"https:\/\/estgroup.pl\/index.php\/wp-json\/wp\/v2\/pages\/344\/revisions"}],"predecessor-version":[{"id":962,"href":"https:\/\/estgroup.pl\/index.php\/wp-json\/wp\/v2\/pages\/344\/revisions\/962"}],"wp:attachment":[{"href":"https:\/\/estgroup.pl\/index.php\/wp-json\/wp\/v2\/media?parent=344"}],"curies":[{"name":"wp","href":"https:\/\/api.w.org\/{rel}","templated":true}]}}